). Calculate n(v).
-10
Let g(l) = l + 13. Let x be -32 + (-3 - -13 - -2). What is g(x)?
-7
Suppose 33*k - 18*k + 30 = 0. Let r(q) = q**2 + 2*q. Calculate r(k).
0
Let k be (-2 + -161)/(-2 - -1). Let m = 44 - k. Let n be 2/8 + m/28. Let h(l) = l**2 + 2*l - 2. What is h(n)?
6
Let w(p) = -p**3 - 6*p**2 - 7*p - 6. Let m(q) = -q**2 + 12*q - 6. Let a be m(9). Suppose -j + a - 7 = 0. Suppose 0*i - j = u - 3*i, 12 = -3*u - i. Give w(u).
4
Let n(u) = u. Let h = -528 - -529. Calculate n(h).
1
Let z(l) be the second derivative of -l**5/5 + l**4/6 + l**3/3 + l**2/2 + 2*l. Suppose -2 = 3*m - 8. Suppose -4 = 4*o - d, -3*o = m*o + 5*d + 5. Give z(o).
5
Let q(s) = 6 + 6*s**2 + 3 + 0*s + 2*s + s**3. Suppose 3*c - 2*c + 6 = 3*h, 5*h + 12 = -2*c. What is q(c)?
-3
Suppose -5*r + 9 = -2*r. Let m(a) be the second derivative of -a**3/2 + 3*a**2/2 - 2*a. Let h(n) = -2*n + 2. Let d(x) = r*m(x) - 5*h(x). What is d(1)?
0
Let a(j) be the second derivative of j**5/20 + j**4/12 + j**3/6 + 4*j. Let y be 8/(-44) + (-48)/(-22). Suppose 3*r = y*r - 1. Determine a(r).
-1
Let n(v) = v**2 - 13*v - 1. Suppose 143 = -28*x + 39*x. Give n(x).
-1
Let h(n) = -46*n + 4 - 7 + 45*n + n**2 - n**3. Let s = -4 + 4. Give h(s).
-3
Let r(q) = q - 6. Let j be (-2)/(-1 + 3) + 3. Suppose 0 = -j*b - 10 - 2. What is r(b)?
-12
Let s(g) be the second derivative of -4/3*g**3 + 0 - 5*g**2 + 21*g + 1/2*g**4 + 1/20*g**5. Determine s(-7).
-3
Let p(v) = 3*v**2 + 1. Let r be 2/(-5)*-5 + 3. Suppose 0 = 4*m - 9*m - r. Let k be p(m). Let z(f) = -f**2 + 2*f + 2. Give z(k).
-6
Let p(k) = -2*k - 1. Let z = 5 - 5. Suppose 5*o + 25 = t + 5, z = -4*t + 2*o + 26. Suppose -t*r + 3*r + 6 = 0. What is p(r)?
-7
Let s(l) = -11*l - 3. Let b(h) = 65*h + 18. Let z(x) = 7*b(x) + 42*s(x). Suppose -3*c + 3 = -0*c. Determine z(c).
-7
Let n(y) = -y**3 + 3*y**2 - y + 1. Let k be ((-2)/(-6))/((35/30)/(-7)). Let v be (k/(-5))/(5 + 48/(-10)). What is n(v)?
3
Let l(c) = c**3 + 4*c - c - 2*c**2 + 2*c**2 - 5*c**2 - 4. Suppose 3*f - 45 = -2*f. Suppose f = 2*x + 1. Determine l(x).
-8
Let n(i) = 10*i**3 + 5*i**2 - 3*i + 13. Suppose 5 = -26*t + 25*t. Let y(g) = -7*g**3 - 3*g**2 + 2*g - 9. Let f(p) = t*n(p) - 7*y(p). Give f(-5).
18
Let q = -2 - -2. Let k be 2/(-3)*(-150)/20. Suppose f - k = -q*f. Let d(s) = -s**2 + 6*s. Give d(f).
5
Let d(z) = -10*z**2 - 2*z + 1. Suppose -2*t = 711 - 715. Let w(n) = -n - 1 + 0 - 4*n**2 + 5*n**2. Let s be w(t). Determine d(s).
-11
Let f(g) = 26*g - g**3 + 5 + 4*g**2 - 18*g - 2*g. Determine f(5).
10
Let c(v) = -2*v - 23. Let z(y) be the third derivative of -y**4/24 - 8*y**3/3 + 9*y**2. Let n be z(-6). Let f be c(n). Let d(u) = -u. What is d(f)?
3
Let u(z) = -7*z**2 - 4. Let i = -15 - -20. Let g(j) = 3*j**2 + 2. Let f(x) = i*g(x) + 2*u(x). Let d = 4 + -6. Determine f(d).
6
Let g(q) = 16*q - 1. Let p(y) = y**3 + 8*y**2 + 13*y + 8. Let x be p(-6). Calculate g(x).
31
Let w(z) = -z**2 - 18*z - 29. Let c be w(-16). Let s(q) = q**2 - 5*q + 3. Give s(c).
-3
Let a(b) = 3*b - 17. Let t be a(6). Let u(g) = t + 2 + 850*g - 851*g. Give u(-3).
6
Let g(l) be the third derivative of -l**5/10 - l**4/12 + l**3/3 + 238*l**2. Calculate g(-2).
-18
Let d(x) = 3*x**2 - 24*x + 19. Let y be -3*(-4)/(120/70). Calculate d(y).
-2
Let c(w) = w**2 - w**2 - 4*w**2 + 2*w**2 + 8*w - w**3. Let h be c(-4). Let j(v) = -v**2 + 18. Determine j(h).
18
Let b(d) = -3 + 321*d + 5 - 319*d + 0. Determine b(-3).
-4
Let v(y) = 2*y**2 - 3*y - 2. Suppose 0 = 9*c - 7*c - 12. Let h be ((-9)/15)/((c/(-5))/6). Give v(h).
7
Suppose 3*i + 13 = -5*v + 1, v - 2 = -5*i. Let p(h) = -2*h**2 + 5*h - 8*h - 1 + h**3 - i. Let u = 3 + 0. Determine p(u).
-2
Let c be (-3 - -3)/((-6)/3). Suppose 4 + c = 4*d. Let v(w) = 3*w**3 + 2*w**2 + 11*w. Let f(r) = -r**3 - r**2 - 5*r. Let o(x) = 13*f(x) + 6*v(x). Give o(d).
5
Suppose 306*d + 90 = 296*d. Let h(x) = -x**3 - 9*x**2 - 8. Determine h(d).
-8
Let w be -4*(57/(-12) + 4). Suppose 7*o - 17 + w = 0. Let h(y) = -y**3 + y**2 - y + 2. Determine h(o).
-4
Let h be 13/39*(-6)/(-2). Let v(t) = -24*t + 1. What is v(h)?
-23
Let z = 40 - 35. Suppose -3*n - x - 1 = -4*n, z*x + 17 = 2*n. Let y(b) = b + 1. Determine y(n).
-3
Let s(a) = a + 6. Let c be (-46)/(-2 - (-10)/4). Let f = 92 + c. Calculate s(f).
6
Suppose 10*w + 18 = 7*w. Let t(o) = -7*o**2 - 2*o - 1. Let c(j) = 15*j**2 + 5*j + 2. Let k(p) = w*c(p) - 13*t(p). Suppose 13 = 4*i - 7. Calculate k(i).
6
Let q(u) = 3*u - 5. Let t be q(2). Suppose t = -3*b + 7. Let r(y) = -y + 1. Calculate r(b).
-1
Let g = 1/52 - -49/156. Let n(c) be the first derivative of -g*c**3 - 2*c**4 - 4 + c + 0*c**2. Give n(1).
-8
Let r(g) = 0 + g**3 + g**2 + 1 - 3*g + 1. Let h(v) = -v + 10. Let s = -27 + 40. Let m be h(s). What is r(m)?
-7
Let x(r) be the first derivative of -12 - 3/2*r**2 + 3*r. Determine x(2).
-3
Let k(f) be the third derivative of -7*f**4/24 + 7*f**3/6 + f**2 + 54. Give k(5).
-28
Let f(v) = -2*v**3 - 9*v**2 - 8*v + 21. Let x(l) = -3*l**3 - 19*l**2 - 14*l + 41. Let a(t) = -5*f(t) + 3*x(t). Calculate a(12).
-6
Let k(n) = 2 + 2 - n - 5. Let v be (-2)/(-5) - (-30)/(-75). Suppose v = 6*b - 8*b - 2. Give k(b).
0
Let w = -3 + 5. Let m(b) = -4*b**2 - 6*b + 2*b**w + b**2. Suppose 18*s - 114 = 37*s. Give m(s).
0
Let q(p) = 4*p**2 - 55*p + 27*p + 31*p. Determine q(-3).
27
Let g(j) = -j**2 + j - 10. Let m(v) = 2*v**2 - 3*v + 19. Let d(t) = -11*g(t) - 6*m(t). Let y = -5 - -9. Let u be 6/y*(3 + 1). Determine d(u).
2
Let m = 56 - 49. Let k(c) = c**2 - 5*c - 2. What is k(m)?
12
Let d(r) = 13*r**2 + 50 - 22 - 40 - 6*r**2 - 6*r**2. Give d(0).
-12
Suppose -28 = -r - 2. Let g = r + -16. Let x(q) = -4 + g + q - 1. Calculate x(-5).
0
Let k(y) be the third derivative of -3*y**2 + 0 + 0*y + 1/12*y**4 + 1/3*y**3. What is k(-3)?
-4
Let z be (-10)/(-35) + (-19)/(-7). Let m(c) = c**3 - c**2 - 3*c - 1. Calculate m(z).
8
Let m(s) = s**2 - 1. Let p be m(-1). Let a = p - -4. Let o(y) = -y. What is o(a)?
-4
Let g(r) = 6 + 20*r + 0 + 28*r - 1 - 43*r. Calculate g(-2).
-5
Let c(y) = y**2 - 7*y + 6. Suppose 0 = 10*a + 21*a + 248. Suppose 3*x + 2*x = -3*u - 16, 2*u + 10 = -3*x. Let r be (-33)/55*(a + x). Calculate c(r).
0
Let w(b) = 7*b**2 - 26*b + b**3 + 15 - 5*b**2 - 10*b**2 + 15*b. Calculate w(9).
-3
Suppose 13 = -2*p - 11. Let q be 1/(21/p + 2). Suppose -3 = q*i - 15. Let l(s) = s**2 - 2*s - 1. Calculate l(i).
2
Let d(v) = v**2 + 2. Let u(a) = 8*a**2 - 3*a + 15. Let s(c) = -6*d(c) + u(c). Give s(3).
12
Let t be 3*3*2/6. Let c(f) = -f + t*f + 23 - 10 - f. Let g be c(-9). Let n(a) = 2*a**2 - 5*a - 4. Calculate n(g).
8
Let d(t) be the first derivative of 4 + 0*t**2 + 1/360*t**6 + 1/60*t**5 + 0*t - 2/3*t**3 + 1/12*t**4. Let a(z) be the third derivative of d(z). Give a(-2).
2
Let k(w) be the second derivative of -w**6/120 + w**5/10 + w**3 + 3*w**2 - 8*w. Let v(h) be the first derivative of k(h). What is v(6)?
6
Let r(o) = -o**2 + o**2 + o**2 + 1. Suppose 2*a - 14 = 3*q + 2*q, -6 = 5*q + 2*a. Let k = -2 - q. Give r(k).
1
Let w(i) = -i**3 - i**2 - i + 44. Let f be 0*2/(-16 + 12). Give w(f).
44
Let o(p) be the first derivative of -p**4/4 + p**3/3 + 12*p - 111. Let z(s) = s**3 + 7*s**2 + 5*s - 6. Let v be z(-6). Give o(v).
12
Suppose -5*s - 5*z + 80 = -0*z, 2*s - z - 17 = 0. Suppose -19 = -3*d + s. Let t(u) = -u**3 + 9*u**2 + 9*u + 6. Calculate t(d).
-4
Let j(o) = 2*o**2 + 24*o + 19. Let p be j(-11). Let r(w) = -w**2 - 2*w - 3. Calculate r(p).
-6
Let h = 188 + -307. Let j = -119 - h. Let k(o) = o**3 + o**2 + o - 10. What is k(j)?
-10
Let b(p) = -7*p - 2. Suppose 5*x - 153 = -2*h, 0 = 2*x - x + 2*h - 37. Let y = x - 31. Determine b(y).
12
Suppose 13*g = 4*j - 27, 0 = g + 2*j + 6 + 3. Let n(s) be the second derivative of s**5/20 - s**3/2 + 4*s. What is n(g)?
-18
Let h(i) = i**2 - 2. Suppose 0 = -0*s + 2*s - 26. Suppose -5*b + 5*r + s = -2, 12 = 5*b - 2*r. Let j be (-3)/(3 + (-3)/b). Determine h(j).
2
Suppose -77 = -8*f - 5. Let g be f/(-18) - (-3)/(-2). Let r(h) = -3*h**2 - 3*h - 1. Give r(g).
-7
Let c be ((-30)/(-35))/(1/7). Let t(q) = 6 + 4 - 3*q - c. Calculate t(4).
-8
Let g(i) = i**2 + 8*i - 21. Let v be 1140/(-133) + 3/(-7). Calculate g(v).
-12
Let z = 133 + -131. Let d(a) = 3*a**2 + a**3 - 18*a + 25*a - 13*a**z + 13. Give d(9).
-5
Let b(w) = w**3 + 239 - 2*w**2 + 3*w**2 - 250. Give b(0).
-11
Let r(d) = d**3 + 3*d**2 - 18*d - 39. Let